{"id":241,"date":"2025-02-13T10:27:32","date_gmt":"2025-02-13T13:27:32","guid":{"rendered":"https:\/\/rallymakers.com.br\/rmk\/?page_id=241"},"modified":"2026-03-10T08:45:46","modified_gmt":"2026-03-10T11:45:46","slug":"programacao-xv-rally-barretos","status":"publish","type":"page","link":"https:\/\/rallymakers.com.br\/rmk\/programacao-xv-rally-barretos\/","title":{"rendered":"Programa\u00e7\u00e3o XVI Rally Barretos"},"content":{"rendered":"\n<p><strong>12\/03 &#8211; Quinta-feira<\/strong><br>12:00 &#8211; Abertura do Parque de Apoio para montagem de boxes<br><br><strong>13\/03 &#8211; Sexta-Feira<\/strong><br>9:30 &#8211; Abertura de secretaria<br>10:30 &#8211; Entrega do Stella<br>13:30 \u00e0s 17:30 &#8211; vistorias t\u00e9cnicas CBM<br>13:30 \u00e0s 17:30 &#8211; apresenta\u00e7\u00e3o para vistorias t\u00e9cnicas CBA<br>15:30 \u00e0s 16:50 &#8211; Shakedown opcional CBM<br>16:50 \u00e0s 17:30 &#8211; Shakedown opcional CBA<br>17:30 \u00e0s 18:00 &#8211; Segunda vistoria CBM com multa<br>18:00 &#8211; Fechamento da Secretaria<br>19:30 &#8211; Briefing Geral e atividade promocional obrigat\u00f3ria<br><br><strong>14\/03 &#8211; Sabado<\/strong><br>7:00 \u00e0s 7:30 &#8211; Reconhecimento do pr\u00f3logo a p\u00e9 ou bicicleta<br>8:00 &#8211; Pr\u00f3logo Motos, UTVs e Carros<br>10:00 &#8211; Largada Motos na Especial<br>11:00 &#8211; Previs\u00e3o de largada UTVs na Especial<br>13:00 &#8211; Previs\u00e3o de largada do primeiro Carro na Especial<br><br><strong>15\/03 &#8211; Domingo<\/strong><br>8:00 &#8211; Largada primeiro carro na Especial<br>9:00 &#8211; Previs\u00e3o de largada Motos na Especial<br>10:00 &#8211; Previs\u00e3o de largada do UTVs na Especial<br>15:30 &#8211; Cerimonial de encerramento e premia\u00e7\u00e3o<\/p>\n\n\n\n<p>Largadas estimadas, podendo sofrer altera\u00e7\u00f5es pela Dire\u00e7\u00e3o de Prova<\/p>\n","protected":false},"excerpt":{"rendered":"<p>12\/03 &#8211; Quinta-feira12:00 &#8211; Abertura do Parque de Apoio para montagem de boxes 13\/03 &#8211; Sexta-Feira9:30 &#8211; Abertura de secretaria10:30<\/p>\n","protected":false},"author":1,"featured_media":0,"parent":0,"menu_order":0,"comment_status":"closed","ping_status":"closed","template":"","meta":{"footnotes":""},"class_list":["post-241","page","type-page","status-publish","hentry"],"_links":{"self":[{"href":"https:\/\/rallymakers.com.br\/rmk\/wp-json\/wp\/v2\/pages\/241","targetHints":{"allow":["GET"]}}],"collection":[{"href":"https:\/\/rallymakers.com.br\/rmk\/wp-json\/wp\/v2\/pages"}],"about":[{"href":"https:\/\/rallymakers.com.br\/rmk\/wp-json\/wp\/v2\/types\/page"}],"author":[{"embeddable":true,"href":"https:\/\/rallymakers.com.br\/rmk\/wp-json\/wp\/v2\/users\/1"}],"replies":[{"embeddable":true,"href":"https:\/\/rallymakers.com.br\/rmk\/wp-json\/wp\/v2\/comments?post=241"}],"version-history":[{"count":3,"href":"https:\/\/rallymakers.com.br\/rmk\/wp-json\/wp\/v2\/pages\/241\/revisions"}],"predecessor-version":[{"id":506,"href":"https:\/\/rallymakers.com.br\/rmk\/wp-json\/wp\/v2\/pages\/241\/revisions\/506"}],"wp:attachment":[{"href":"https:\/\/rallymakers.com.br\/rmk\/wp-json\/wp\/v2\/media?parent=241"}],"curies":[{"name":"wp","href":"https:\/\/api.w.org\/{rel}","templated":true}]}}